Suppose 7*o = 5*o + 3*p, -22 = -w*o + 2*p. Let y(x) = -3*x + 1 + 0*x + o*x - 4*x. Calculate y(6).
-5
Let m(q) = -q - 2. Suppose 0 = 3*i - 11 + 2. Suppose 3 = -i*c - 0. Let g = c - 5. Calculate m(g).
4
Let k(i) be the second derivative of i**4/12 + 7*i**3/3 + 7*i**2/2 - 36*i. Give k(-9).
-38
Let a(n) = n**3 + n**2 - n + 1. Let l(g) = 6*g**3 + 10*g**2 - 4*g. Let z(t) = -5*a(t) + l(t). Determine z(-6).
-47
Let c(b) be the first derivative of -b**3/3 + 8*b**2 - 9*b - 139. Give c(13).
30
Suppose -3 = -4*b + 1, -2*b + 11 = z. Suppose -11*l + 14 = -4*n - 10*l, 5*n + 3*l + z = 0. Let c(s) = -s**2 + 2*s + 4. Calculate c(n).
-11
Suppose -3*j + 23 + 1 = 0. Suppose -3 = -j*o + 5. Let u(q) = 2 - 2 + q. Determine u(o).
1
Let v(l) be the first derivative of -7/2*l**2 - 20 - 4*l - 2/3*l**3. Let n(f) = f - 1. Let u be n(-3). Calculate v(u).
-8
Let j(s) = -s**3 + 15*s**2 + s - 35. Let u be j(15). Let t be (u/6)/((-2)/3 + 0). Let p(k) = -k**2 + 4*k + 6. Calculate p(t).
1
Let t be (-20)/6 - (-4)/(-6). Let m(x) be the first derivative of 4 + 3/2*x**2 - x + 1/3*x**3. What is m(t)?
3
Let s(y) = -y**3 - 5*y**2 + 6*y + 6. Let l be s(-6). Suppose -2 + l = 2*u. Suppose -p - 3 = 4*g, p - 7 - u = 2*g. Let d(m) = -m**2 - 3*m - 1. Determine d(g).
1
Let d(a) = -a**3 - 7*a**2 + 7*a - 8. Suppose 3*w - 12 = w. Let z be 13/(-39) + (-46)/w. Give d(z).
0
Let q be (19 + 1)*(21 + -20). Let p(n) = -5*n**2 + 37*n - 14*n - q*n - 4 + 4*n**2. Determine p(4).
-8
Let v(k) = -6 - 2*k**2 - 8*k - 4*k**2 - 2*k**2 + 5*k**2 + 2*k**2. Let g(m) = m**3 - 3*m**2 - 2*m + 2. Suppose -5*p + 2*p = -6. Let o be g(p). Give v(o).
6
Let h(i) = -2 + 19*i + 16*i + 15*i - 47*i. Determine h(2).
4
Suppose 14*x - 2 = 12*x. Let n(k) = 7*k**3 + k**2 - k + 1. What is n(x)?
8
Let k(n) be the first derivative of n**3/3 + 7*n**2/2 + 6*n - 369. Determine k(-4).
-6
Let n(y) = 7*y + 445. Let z be n(-63). Let s(b) = -b**3 + b**2 + b + 1. Let d = -1 + 0. Let v(t) = 2*t**3 - 3*t - 4. Let j(l) = d*v(l) - 3*s(l). What is j(z)?
17
Let y(t) = 4*t**2 - t + 14. Let h be y(0). Let i(q) = -h*q - 12*q + 27*q - 1 - 3. Determine i(6).
2
Let j(d) = 3 + 10*d**2 - 159426*d**3 - 7 - 10 + 159427*d**3 + 6*d. What is j(-9)?
13
Suppose 4*u - 2*u + 4*y = 20, 0 = 3*u + 5*y - 31. Let s(v) = -v**3 + 11*v**2 + 11*v + 1. Determine s(u).
-11
Let j(t) = -t**2 + t + 1. Suppose 6 = -2*b, a - 3*b - 15 = -2*a. Suppose 0 = 5*v - a*x + 17, 3 + 2 = 5*x. What is j(v)?
-11
Suppose -5*h + 4*p = -23, 0*h = 4*h + 3*p - 6. Suppose -2*y + h*y = 4. Let u(b) = 2 + 2*b - b**3 - y*b - 2*b + 4*b**2. Determine u(2).
2
Let o(b) = -b**3 + 3*b**2 + 1. Let v(a) = a**3 - 16*a**2 - 8*a + 7. Let h(t) = 2*o(t) + v(t). What is h(-9)?
0
Let u(q) = -q**3 - q**2 - q - 1. Let p(f) = -4*f**3 - f**2 - 3*f - 25. Let j(c) = -p(c) + 2*u(c). Calculate j(0).
23
Let h(d) = d**3 + 2*d**2 - 8*d + 3. Let f be h(-4). Let p(w) = 4 + w**f + 10*w - 12*w - 3 - w**2. Let n = 0 + 2. Determine p(n).
1
Let q(w) = 2*w + 8. Let t(l) = l**3 - 3*l**2 - 5 + 282*l - 3*l**2 - 275*l. Let n be t(4). What is q(n)?
-10
Suppose 15 - 12 = h + 9. Let f(q) be the second derivative of q**3/6 + 3*q**2/2 - q. What is f(h)?
-3
Let r(j) be the second derivative of 6*j + 5/6*j**3 + 0 + 0*j**2. Let u = -29 + 30. Give r(u).
5
Let a(q) = -q - 10*q**2 + 5*q**3 + 6*q - 4*q**3 + 4*q - 12 + 0. Calculate a(9).
-12
Let l(f) = -f**3 + 4*f**2 - 5*f + 2. Let y be l(2). Let a(r) = -r - 1. Let v be a(y). Let z(h) = 13*h**3 + 2*h**2 + h. Calculate z(v).
-12
Let g(v) be the third derivative of v**7/630 + v**6/240 - v**5/30 + v**2. Let n(x) be the third derivative of g(x). Let p be 4*((-13)/2 - -3 - -3). Give n(p).
-13
Let c(d) = d**2 - 4*d - 14. Let k be c(8). Suppose -k*m + 14*m = 12. Let w(g) = -3*g**2 - 4*g - 2. What is w(m)?
-17
Let t(p) = p**3 - 5*p**2 + 6*p - 4. Suppose 0 = -0*h + 2*h. Suppose h = -i + 2 - 5. Let f be (-11)/i + 2/6. Give t(f).
4
Suppose -16 = 3*b + b. Let i(t) = -t - 4. What is i(b)?
0
Let r(q) be the second derivative of -q**3/2 - 3*q**2 - q. Suppose 2*p + 5*y + 5 = 6*y, 2*p + 25 = -3*y. Calculate r(p).
9
Let t(s) be the first derivative of -s**4/4 + 7*s**3/3 - s**2/2 + 10*s - 1. Let q = -8 - -40. Suppose -d = q - 39. Determine t(d).
3
Let r(v) = v + 10. Suppose 3*a = -2*b - b - 9, 0 = -5*a - 15. Determine r(b).
10
Let v = -35 - -40. Let p(l) = l**2 + 3 + 4*l - 2 - v*l**2 + 3*l**2. Suppose 0 = -3*u + 7*u - 20. Give p(u).
-4
Suppose 0 = 37*s - 24*s - 65. Let o(d) be the first derivative of d**2/2 - 3*d + 1. Give o(s).
2
Let c(g) be the first derivative of g**3/3 - g**2 + 4*g + 1. Let h be ((-9)/(-12))/((-2)/(-24)). Suppose 2*o + 3 = h. Determine c(o).
7
Let t(l) be the third derivative of -l**4/24 + l**3/3 - 33*l**2 + 4*l. Let y be (-3 - (-2 + 2)) + 6. Determine t(y).
-1
Let h(x) = x**2 + 7*x - 3. Let v(i) = -i - 4. Let f be ((-16)/(-14))/((-4)/(-14)). Let b be v(f). Give h(b).
5
Let h = -29 - -31. Let u(m) = 5*m - 1. Let r(c) = 9*c - 1. Let d(p) = 3*r(p) - 5*u(p). Determine d(h).
6
Let h(t) = 4*t**2 - 2 - t**2 - 5*t - 2*t**2 + t. Suppose 133*w - 12 = 131*w. Calculate h(w).
10
Let o = -10 - -14. Suppose m = o*m - 9. Suppose 3*u + l - 11 - 1 = 0, 0 = -4*u + m*l + 16. Let g(p) = -p + 3. Determine g(u).
-1
Let i(h) = h**2 - 12*h - 6. Let t be ((-3)/6)/(616/208 - 3). Determine i(t).
7
Let b(y) = 1 - 15*y + 2 - 19*y + 33*y. Give b(6).
-3
Let u(q) = q**2 + 8*q + 3. Let c be -3 - 10/(-20)*(-108)/(-3). Suppose 13 = w + 4. Let g = w - c. What is u(g)?
-9
Let g(k) = -4*k**2 + 12*k + 2. Let s(n) = -11*n**2 + 34*n + 7. Let q(o) = 8*g(o) - 3*s(o). What is q(6)?
-5
Let d(r) = r**3 + 3*r**2 - 2. Let b(k) = -19 - 71*k**2 + 74*k**2 + 29*k + 25*k - 4*k. Let y be b(-17). Calculate d(y).
2
Let b(o) = -2*o**2 + 9*o - 3. Let f(c) = 4*c**2 - 26*c + 8. Let s(z) = -14*b(z) - 5*f(z). Give s(-2).
26
Let g = -38 + 40. Let f(v) = 4*v**g + 1 + 144*v - 3*v**2 - 148*v. Suppose i - 14 = 3*i - 5*q, 0 = -4*q + 16. What is f(i)?
-2
Let i(r) = 7*r**3 + 5*r**2 - 25*r - 5. Let p(c) = 2 + 12*c + 0*c**3 + 0*c**2 - 3*c**2 - 3*c**3. Let m(z) = -4*i(z) - 9*p(z). Let u = 45 + -39. Calculate m(u).
-10
Let s be -2 + (-9)/(-3) + 0. Let a(d) be the second derivative of 0 - 3/4*d**4 + 1/2*d**2 - 1/6*d**3 + 7*d. Determine a(s).
-9
Let d(j) = j**2 + 4*j + 2. Suppose 0 = 8*b - 6*b - 12. Let l(w) = -6*w + 2*w**3 + w**2 - 6*w**2 - 4 - w**3. Let m be l(b). Give d(m).
2
Let x(o) = o**3 - 3*o**2 - o + 3. Let n(u) = 3*u**2 - 4*u**2 - 7 + 12 - 2*u. Let f be n(-3). Suppose -5 = -4*d - f*k + 1, 4*d - 15 = k. Calculate x(d).
0
Let y = 72 - 73. Let q(b) = 9*b**3 + b**2 - 1. What is q(y)?
-9
Suppose -8*z + 28 = -28. Suppose 4 - 11 = z*i. Let a(d) = -2 + 1 - d**2 + 0*d**2. Determine a(i).
-2
Suppose 5 = -24*z + 317. Let b(y) = -y + 17. What is b(z)?
4
Let y(n) = n**3 - 3*n**2 + 2*n - 3. Suppose 4*h - 16 = 4*w, 2*w + 13 = 5*h - 1. Give y(h).
-3
Let f(n) = 5*n**3 + 2*n**2 + 2*n + 9. Let m(g) = -27*g**3 - 11*g**2 - 11*g - 46. Let x(i) = 11*f(i) + 2*m(i). What is x(0)?
7
Let p be (-2)/(-11) + (-84)/(-22). Suppose 0 = -p*n - 2*d + 4, 0 = -5*n + 6*n - 4*d + 8. Let m(j) = -j**3 + j**2 + 3. Give m(n).
3
Let i(h) be the second derivative of h**7/840 + h**6/60 - h**3 + 7*h. Let o(g) be the second derivative of i(g). Determine o(-6).
0
Let s(h) = -5*h**3 - 91 + 90 + h - 2*h**2 + h**2. Let q(l) = l**3 - 6*l**2 - 8*l + 8. Let o be q(7). Determine s(o).
-6
Let f(n) be the third derivative of n**7/5040 + n**6/180 + n**5/30 - 7*n**2. Let w(l) be the third derivative of f(l). What is w(3)?
7
Suppose 15*f = -17 + 39 + 38. Let t(q) be the third derivative of -q**6/120 + q**5/15 + q**4/12 - q**3/3 - q**2. What is t(f)?
6
Let f(u) be the third derivative of u**5/60 - u**4/6 - u**3/2 - 3*u**2. Let k = -9 + 11. Suppose 5*o - 12 = -k*g, 0 = -g + o + 2*o + 6. Calculate f(g).
9
Let d(t) = t - 16. Suppose m + m - 2*u = 600, u = -4*m + 1175. Let y be 0 - m/(-35) - 6/14. Calculate d(y).
-8
Let l(j) = -j**2 + 39*j + 679. Let y be l(-13). Let t(k) = -5*k + 1. Determine t(y).
-14
Suppose -4*u - 28 = 4. Let j(i) = 9*i - 21. Let v(d) = 5*d - 11. Let x(f) = -6*j(f) + 11*v(f). What is x(u)?
-3
Let o(j) = -j + 1. Let p(h) = -7 + 5*h - 4*h + 2*h - 2*h. Let i(n) = 4*o(n) + p(n). Give i(-3).
6
Let f(v) be the first derivative of 2*v**2 + v + 22. Suppose 2*p + d - 5 = 0, -2*p - 2*d = 3*p - 11. Determine f(p).
5
Let p